.
81
Let t(p) = -5*p - 12. Give t(-2).
-2
Let z(q) = q + 53. Calculate z(-18).
35
Let z(y) = 3*y**3 - y**2 - 7*y - 6. Calculate z(-1).
-3
Let c(a) = -31*a + 4. Calculate c(2).
-58
Let u(n) = 2*n**2 + 33*n + 37. What is u(-15)?
-8
Let j(n) = -n**3 - 13*n**2 + 5*n + 58. What is j(-13)?
-7
Let k(t) = -2*t - 29. Calculate k(11).
-51
Let r(z) = z**3 - 24*z**2 + 23*z + 11. Determine r(23).
11
Let n(x) = -12*x - 54. Determine n(-4).
-6
Let q(v) = -19*v + 100. Determine q(5).
5
Let w(a) = a**3 - 23*a**2 - a + 18. What is w(23)?
-5
Let v(x) = x**3 + 2*x**2 - 3*x - 9. Calculate v(-2).
-3
Let d(s) = -s**3 + s**2 + 11*s + 5. Give d(-3).
8
Let h(f) = -19*f**2 - f - 1. Calculate h(-1).
-19
Let b(j) = j**3 - 2*j**2 - 3*j. Determine b(0).
0
Let a(y) = -y**3 + 45*y**2 - 42*y - 89. What is a(44)?
-1
Let p(t) = t**3 + 14*t**2 - 26*t - 33. Give p(-15).
132
Let z(i) = -i**3 + 36*i**2 - 34*i - 32. Calculate z(35).
3
Let f(u) = 18*u**3 + u - 1. Give f(1).
18
Let a(k) = k**2 + 17*k + 32. Calculate a(-15).
2
Let q(r) = -r**3 + 10*r**2 - 2*r - 6. Give q(5).
109
Let l(j) = -j**2 + 15*j - 8. Determine l(13).
18
Let z(o) = o - 53. What is z(24)?
-29
Let y(i) = -4*i - 82. What is y(-19)?
-6
Let r(y) = -35*y**3 + 2*y + 1. Give r(-1).
34
Let b(o) = -o**3 - 4*o**2 + 8*o + 15. Give b(0).
15
Let s(q) = -q - 21. Determine s(-14).
-7
Let c(h) = -h**3 - h**2 - h - 4. Calculate c(0).
-4
Let r(i) = i - 4. What is r(3)?
-1
Let a(k) = k**3 - 13*k**2 - 6*k + 28. What is a(13)?
-50
Let t(h) = -h**2 - 48*h - 52. What is t(-47)?
-5
Let d(s) = 5*s**2 - 2. Calculate d(2).
18
Let z(u) = -u**2 - 17*u - 7. Determine z(-16).
9
Let h(m) = m**3 + 17*m**2 - 20*m - 30. Determine h(-18).
6
Let n(j) = j**2 + 2*j + 4. Calculate n(5).
39
Let v(p) = p**3 + 25*p**2 + 102*p + 10. What is v(-20)?
-30
Let d(w) = -4*w - 5. Determine d(-2).
3
Let t(h) = -h**3 - 5*h**2 - 2*h - 7. What is t(-6)?
41
Let m(b) = b**3 - 8*b**2 + 8*b + 19. What is m(6)?
-5
Let i(x) = -x - 10. Give i(0).
-10
Let x(u) = 13*u - 44. What is x(5)?
21
Let c(n) = n**3 + 9*n**2 + 2. What is c(-9)?
2
Let w(m) = 42*m - 556. Determine w(13).
-10
Let p(a) = -7*a - 7. Calculate p(-5).
28
Let s(i) = i**2 + 15*i + 19. Give s(-14).
5
Let a(j) = -j**2 - 2*j - 13. Determine a(0).
-13
Let u(j) = -j**2 + 15*j - 4. What is u(11)?
40
Let u(k) = k**3 + 7*k**2 + 7*k + 10. Calculate u(-7).
-39
Let o(t) = -t**2 + 11*t + 48. Determine o(14).
6
Let h(u) = -4*u - 5. Give h(4).
-21
Let q(d) = -d**2 + 2*d - 7. Give q(6).
-31
Let f(h) = h**2 + 17*h + 28. Determine f(-12).
-32
Let f(q) = 14*q - 50. Give f(3).
-8
Let t(z) = z + 2. Determine t(3).
5
Let n(g) = -g**3 + 13*g**2 - 10*g - 12. Give n(12).
12
Let j(i) = -3*i - 75. Give j(-22).
-9
Let o(i) = -i**3 + 5*i**2 - 5. Give o(5).
-5
Let i(f) = f**3 + 27*f**2 + 50*f + 81. Calculate i(-25).
81
Let s(b) = b**2 - b + 5. Determine s(-5).
35
Let i(h) = h**2 - 8*h + 8. Give i(11).
41
Let s(i) = -21*i**3 + 2*i**2 + 5. Calculate s(-2).
181
Let l(q) = -q**2 + 15*q - 23. What is l(12)?
13
Let o(c) = -c**2 - 26*c - 154. What is o(-12)?
14
Let y(f) = 19*f - 62. Give y(3).
-5
Let h(x) = -2*x + 43. Give h(18).
7
Let j(t) = -2*t**3 + 3*t**2 + 2*t + 2. Calculate j(-2).
26
Let b(d) = -d**3 - 5*d**2 + 6*d - 6. What is b(-6)?
-6
Let k(l) = -43*l**2 + 1. Give k(-1).
-42
Let d(i) = 6*i**2 - i. Give d(-1).
7
Let i(j) = 2*j + 1. What is i(-4)?
-7
Let d(c) = c**3 + 7*c**2 + 13*c - 2. Determine d(-4).
-6
Let f(y) = y**3 - 10*y**2 + 6*y + 1. Give f(6).
-107
Let w(l) = l**2 + 7*l - 2. What is w(-6)?
-8
Let t(p) = 5*p**2 + 3*p - 1. Determine t(-3).
35
Let q(i) = -3*i**2 - 14*i - 5. Give q(-4).
3
Let s(j) = -22*j - 129. Determine s(-4).
-41
Let j(p) = -p**2 + 17*p + 29. Give j(19).
-9
Let k(x) = x**3 + 9*x**2 - x - 5. Determine k(-8).
67
Let t(h) = -h**2 + 8*h - 13. Determine t(4).
3
Let v(l) = 3*l**2 - 3*l + 1. Determine v(-5).
91
Let d(f) = 2*f**2 - 8*f + 8. Give d(6).
32
Let c(x) = -x**3 - 3*x**2 + 3*x + 4. Give c(-3).
-5
Let v(d) = -d**3 + 9*d**2 - 17*d + 28. Give v(7).
7
Let k(v) = -23*v + 499. Give k(22).
-7
Let c(f) = f**2 + 3*f + 2. Calculate c(0).
2
Let a(r) = -6*r - 51. Determine a(-17).
51
Let w(q) = q**2 + 11*q - 31. What is w(-14)?
11
Let y(i) = -i**3 + 22*i**2 - 27*i + 8. Determine y(21).
-118
Let h(z) = 13*z - 3. Calculate h(0).
-3
Let s(u) = -u + 15. Calculate s(18).
-3
Let p(i) = -i**3 - 7*i**2 + 14*i + 7. Determine p(-8).
-41
Let c(d) = d**3 - 6*d**2 - 2*d - 13. Determine c(6).
-25
Let h(j) = 2*j - 37. What is h(-5)?
-47
Let p(r) = 3*r - 26. Give p(31).
67
Let u(n) = -15*n + 9. Calculate u(2).
-21
Let q(d) = -d**2 + 27*d + 101. What is q(32)?
-59
Let b(k) = k**3 + 5*k**2 + 2*k. What is b(-2)?
8
Let q(y) = -2*y**3 - y**2 + 31*y + 31. Calculate q(-1).
1
Let n(b) = -b**2 - 6*b + 14. Give n(-7).
7
Let n(u) = u**2 + 24*u + 92. Determine n(-19).
-3
Let y(u) = -u**3 - 3*u**2 + 3*u + 3. What is y(-2)?
-7
Let q(d) = -d**3 - 7*d**2 + 10*d + 21. Calculate q(-6).
-75
Let k(q) = 3*q**3 - 4*q**2 + 5*q - 19. Determine k(3).
41
Let s(g) = -15*g - 25. What is s(-2)?
5
Let h(q) = q**2 + 6*q - 60. What is h(-11)?
-5
Let g(l) = 2*l**2 - 17*l + 5. Determine g(10).
35
Let b(q) = -q**2 - 7*q - 10. Determine b(-3).
2
Let o(q) = 12*q**2 - 2*q + 1. Calculate o(1).
11
Let h(m) = -m**2 - 23*m + 78. Determine h(3).
0
Let g(b) = b**2 - 11*b + 1. What is g(7)?
-27
Let p(a) = a**3 - 11*a**2 - 20*a - 78. Determine p(13).
0
Let l(d) = -d**2 + 2*d + 73. What is l(10)?
-7
Let n(p) = p**3 - 6*p**2 - 3. Determine n(5).
-28
Let r(w) = -w**2 + 3*w - 9. What is r(5)?
-19
Let w(t) = -68*t + 111. What is w(2)?
-25
Let s(q) = -8*q - 58. What is s(-12)?
38
Let q(a) = 193*a + 582. What is q(-3)?
3
Let l(b) = 2*b + 3. Give l(2).
7
Let z(m) = m**3 - 21*m**2 - m + 21. Calculate z(21).
0
Let j(x) = x**2 + 8*x + 5. Determine j(-5).
-10
Let c(b) = -b**2 + 3. Give c(0).
3
Let r(k) = k**2 + 56*k + 34. Calculate r(-56).
34
Let b(d) = d**2 + 3*d - 14. Calculate b(2).
-4
Let v(m) = 12*m - 9. Calculate v(-15).
-189
Let z(d) = -d + 2. What is z(6)?
-4
Let z(d) = d**2 + 4*d - 8. What is z(-5)?
-3
Let h(f) = 2*f**2 - f - 2. Calculate h(2).
4
Let s(n) = -n - 9. Calculate s(5).
-14
Let c(l) = l**3 + 8*l**2 + 14*l - 5. Determine c(-4).
3
Let i(c) = 5*c + 41. What is i(-7)?
6
Let r(q) = 15*q - 75. What is r(5)?
0
Let f(x) = -x**3 + 20*x**2 + 43*x + 17. Calculate f(22).
-5
Let j(m) = -3*m - 6. Calculate j(4).
-18
Let x(l) = -l**2 + 11*l - 30. Determine x(5).
0
Let w(b) = -10*b**2 - 6*b - 4. Calculate w(-1).
-8
Let c(b) = 4*b - 102. Determine c(19).
-26
Let z(l) = l**2 - 17*l + 24. What is z(16)?
8
Let f(p) = p**2 - 11*p + 28. Determine f(8).
4
Let z(n) = n**3 + 6*n**2 + 3*n - 8. Give z(-4).
12
Let v(z) = -z**2 - 2*z - 2. Give v(-4).
-10
Let y(a) = 2*a**2 - 48*a + 18. What is y(24)?
18
Let p(l) = -l**3 + 29. Calculate p(0).
29
Let w(h) = -h**3 - 8*h**2 - 13*h. What is w(-3)?
-6
Let g(m) = -39*m - 158. Calculate g(-4).
-2
Let p(b) = -b**3 + 6*b**2 + 4*b + 1. Give p(6).
25
Let v(t) = -t - 4. Determine v(-5).
1
Let s(u) = -u**2 - 18*u. Determine s(-18).
0
Let k(a) = -37*a + 195. Calculate k(5).
10
Let o(v) = v**2 - 7*v + 4. Determine o(3).
-8
Let z(m) = m**3 + 7*m**2 - 28*m + 9. Determine z(-10).
-11
Let f(q) = q**2 - 11*q - 19. Calculate f(13).
7
Let x(w) = w**3 + 24*w**2 - 25*w - 7. Calculate x(-25).
-7
Let p(m) = m**3 + 9*m**2 - 22*m + 22. Calculate p(-11).
22
Let d(l) = -l**3 + 18*l**2 - 22*l + 35. Calculate d(17).
-50
Let p(v) = -v - 3. Determine p(-2).
-1
Let m(a) = -a - 16. Calculate m(7).
-23
Let j(w) = 4*w**2 + 2*w + 3. Calculate j(-2).
15
Let d(y) = -2*y**2 - 5*y + 12. Determine d(-5).
-13
Let f(j) = -j**2 + 7*j + 14. Determine f(9).
-4
Let t(o) = -3*o**3 - 44*o**2 - 29*o - 1. Determine t(-14).
13
Let d(c) = -c**3 + c**2 + 2*c + 3. Give d(3).
-9
Let d(a) = a**2 - 2*a - 52. Calculate d(7).
-17
Let q(h) = h**3 - 16*h**2 - 17*h - 23. Determine q(17).
-23
Let g(o) = -3*o + 22. What is g(9)?
-5
Let f(m) = m**3 - 2*m**2. Calculate f(1).
-1
Let b(i) = 3*i + 42. Calculate b(-15).
-3
Let m(r) = 37*r**2 + 5*r - 4. Give m(1).
38
Let g(a) = -a**3 + 4. Determine g(-2).
12
Let c(h) = -h**3 - 7*h**2 + 4*h - 3. Calculate c(-8).
29
Let w(s) = s**2 - 17*s - 43. Calculate w(19).
-5
Let q(a) = 3*a + 5. Determine q(-7).
-16
Let j(b) = b**2 - b + 11. Give j(0).
11
Let l(f) = -8*f - 1. Calculate l(-1).
